{"id":77,"date":"2013-08-11T19:22:53","date_gmt":"2013-08-11T19:22:53","guid":{"rendered":"http:\/\/localhost:8888\/test\/?page_id=532"},"modified":"2026-02-10T12:38:24","modified_gmt":"2026-02-10T12:38:24","slug":"contact","status":"publish","type":"page","link":"https:\/\/burakyeter.com\/shop\/contact\/","title":{"rendered":"Contact"},"content":{"rendered":"\n<div class=\"row\"  id=\"row-1811110761\">\n\n\n\t<div id=\"col-1352570123\" class=\"col medium-6 large-6\"  >\n\t\t<div class=\"col-inner\"  >\n\t\t\t\n\t\t\t\n\n<div class=\"container section-title-container\" ><h3 class=\"section-title section-title-normal\"><b><\/b><span class=\"section-title-main\" >Contact Information - Netherlands<\/span><b><\/b><\/h3><\/div>\n\n<p class=\"lead\"><a href=\"mailto:shop@burakyeter.com\">shop@burakyeter.com<\/a><\/p>\n<p><strong>Telephone:<\/strong> +31641587791<\/p>\n<p><strong>Address:<\/strong> Zwarte Zee 28 3144DE Maasluis \/ The Netherlands<\/p>\n\n<iframe src=\"https:\/\/www.google.com\/maps\/embed?pb=!1m14!1m8!1m3!1d5342.225396023299!2d4.362794!3d51.830961!3m2!1i1024!2i768!4f13.1!3m3!1m2!1s0x47c43620dfe0bdbf%3A0x1e6a2baf3434b92b!2sStaverdenlaan%2012%2C%203207%20KP%20Spijkenisse%2C%20Netherlands!5e1!3m2!1sen!2str!4v1770726400851!5m2!1sen!2str\" width=\"600\" height=\"450\" style=\"border:0;\" allowfullscreen=\"\" loading=\"lazy\" referrerpolicy=\"no-referrer-when-downgrade\"><\/iframe>\n<br\/><br\/>\n<div class=\"container section-title-container\" ><h3 class=\"section-title section-title-normal\"><b><\/b><span class=\"section-title-main\" >Contact Information - T\u00dcRK\u0130YE<\/span><b><\/b><\/h3><\/div>\n\n<p><strong>Telephone:<\/strong> +90 212 213 81 42<\/p>\n\n<p><strong>Address:<\/strong> Ortak\u00f6y Mh. Mehmet\u00e7ik Sk. No:16 Be\u015fikta\u015f \u2013 \u0130stanbul, T\u00fcrkiye<\/p>\n\n<iframe src=\"https:\/\/www.google.com\/maps\/embed?pb=!1m14!1m8!1m3!1d12034.553976208503!2d29.026151!3d41.055034!3m2!1i1024!2i768!4f13.1!3m3!1m2!1s0x14cab634b4d74bf3%3A0xae8fb05a9bfc473f!2sConnection%20Records!5e0!3m2!1str!2sus!4v1770726368104!5m2!1str!2sus\" width=\"600\" height=\"450\" style=\"border:0;\" allowfullscreen=\"\" loading=\"lazy\" referrerpolicy=\"no-referrer-when-downgrade\"><\/iframe>\n<br\/><br\/>\n<div class=\"container section-title-container\" ><h3 class=\"section-title section-title-normal\"><b><\/b><span class=\"section-title-main\" >Contact Information - ABD<\/span><b><\/b><\/h3><\/div>\n\n<p><strong>Telephone:<\/strong> +1 786 939 5878<\/p>\n\n<p><strong>Address:<\/strong> 1688 Meridian Ave ste 700 , Miami Beach ,Fl 33018<\/p>\n\n<iframe src=\"https:\/\/www.google.com\/maps\/embed?pb=!1m18!1m12!1m3!1d944.866732090585!2d-80.13765785073244!3d25.791148519984443!2m3!1f0!2f0!3f0!3m2!1i1024!2i768!4f13.1!3m3!1m2!1s0x88d9b485d3a620dd%3A0x49a14180585b8c0d!2s1688%20Meridian%20Ave%20STE%20700%2C%20Miami%20Beach%2C%20FL%2033139!5e0!3m2!1str!2sus!4v1770726735134!5m2!1str!2sus\" width=\"600\" height=\"450\" style=\"border:0;\" allowfullscreen=\"\" loading=\"lazy\" referrerpolicy=\"no-referrer-when-downgrade\"><\/iframe>\n\n\t\t<\/div>\n\t\t\t<\/div>\n\n\t\n\n\n\t<div id=\"col-2103749338\" class=\"col medium-6 large-6\"  >\n\t\t<div class=\"col-inner\"  >\n\t\t\t\n\t\t\t\n\n<div class=\"container section-title-container\" ><h3 class=\"section-title section-title-normal\"><b><\/b><span class=\"section-title-main\" >Send us an email<\/span><b><\/b><\/h3><\/div>\n\n\n<div class=\"wpcf7 no-js\" id=\"wpcf7-f353-o1\" lang=\"en-US\" dir=\"ltr\" data-wpcf7-id=\"353\">\n<div class=\"screen-reader-response\"><p role=\"status\" aria-live=\"polite\" aria-atomic=\"true\"><\/p> <ul><\/ul><\/div>\n<form action=\"\/shop\/wp-json\/wp\/v2\/pages\/77#wpcf7-f353-o1\" method=\"post\" class=\"wpcf7-form init\" aria-label=\"Contact form\" novalidate=\"novalidate\" data-status=\"init\">\n<fieldset class=\"hidden-fields-container\"><input type=\"hidden\" name=\"_wpcf7\" value=\"353\" \/><input type=\"hidden\" name=\"_wpcf7_version\" value=\"6.1.5\" \/><input type=\"hidden\" name=\"_wpcf7_locale\" value=\"en_US\" \/><input type=\"hidden\" name=\"_wpcf7_unit_tag\" value=\"wpcf7-f353-o1\" \/><input type=\"hidden\" name=\"_wpcf7_container_post\" value=\"0\" \/><input type=\"hidden\" name=\"_wpcf7_posted_data_hash\" value=\"\" \/>\n<\/fieldset>\n<p><label> Your Name (required)<br \/>\n<span class=\"wpcf7-form-control-wrap\" data-name=\"your-name\"><input size=\"40\" maxlength=\"400\" class=\"wpcf7-form-control wpcf7-text wpcf7-validates-as-required\" aria-required=\"true\" aria-invalid=\"false\" value=\"\" type=\"text\" name=\"your-name\" \/><\/span> <\/label>\n<\/p>\n<p><label> Your Email (required)<br \/>\n<span class=\"wpcf7-form-control-wrap\" data-name=\"your-email\"><input size=\"40\" maxlength=\"400\" class=\"wpcf7-form-control wpcf7-email wpcf7-validates-as-required wpcf7-text wpcf7-validates-as-email\" aria-required=\"true\" aria-invalid=\"false\" value=\"\" type=\"email\" name=\"your-email\" \/><\/span> <\/label>\n<\/p>\n<p><label> Subject<br \/>\n<span class=\"wpcf7-form-control-wrap\" data-name=\"your-subject\"><input size=\"40\" maxlength=\"400\" class=\"wpcf7-form-control wpcf7-text\" aria-invalid=\"false\" value=\"\" type=\"text\" name=\"your-subject\" \/><\/span> <\/label>\n<\/p>\n<p><label> Your Message<br \/>\n<span class=\"wpcf7-form-control-wrap\" data-name=\"your-message\"><textarea cols=\"40\" rows=\"10\" maxlength=\"2000\" class=\"wpcf7-form-control wpcf7-textarea\" aria-invalid=\"false\" name=\"your-message\"><\/textarea><\/span> <\/label>\n<\/p>\n<p><input class=\"wpcf7-form-control wpcf7-submit has-spinner\" type=\"submit\" value=\"Send\" \/>\n<\/p><p style=\"display: none !important;\" class=\"akismet-fields-container\" data-prefix=\"_wpcf7_ak_\"><label>&#916;<textarea name=\"_wpcf7_ak_hp_textarea\" cols=\"45\" rows=\"8\" maxlength=\"100\"><\/textarea><\/label><input type=\"hidden\" id=\"ak_js_1\" name=\"_wpcf7_ak_js\" value=\"28\"\/><script>document.getElementById( \"ak_js_1\" ).setAttribute( \"value\", ( new Date() ).getTime() );<\/script><\/p><div class=\"wpcf7-response-output\" aria-hidden=\"true\"><\/div>\n<\/form>\n<\/div>\n\n\n\n\t\t<\/div>\n\t\t\t<\/div>\n\n\t\n\n<\/div>\n<p>&nbsp;<\/p>\n\t<div id=\"gap-681328240\" class=\"gap-element clearfix\" style=\"display:block; height:auto;\">\n\t\t\n<style>\n#gap-681328240 {\n  padding-top: 146px;\n}\n<\/style>\n\t<\/div>\n\t\n","protected":false},"excerpt":{"rendered":"<p>&nbsp;<\/p>\n","protected":false},"author":1,"featured_media":0,"parent":0,"menu_order":0,"comment_status":"closed","ping_status":"closed","template":"page-blank-title-center.php","meta":{"_exactmetrics_skip_tracking":false,"_exactmetrics_sitenote_active":false,"_exactmetrics_sitenote_note":"","_exactmetrics_sitenote_category":0,"_joinchat":[],"footnotes":""},"class_list":["post-77","page","type-page","status-publish","hentry"],"yoast_head":"<!-- This site is optimized with the Yoast SEO plugin v27.2 - https:\/\/yoast.com\/product\/yoast-seo-wordpress\/ -->\n<title>Contact - Burak Yeter<\/title>\n<meta name=\"description\" content=\"Welcome to Burak Yeter Official Shop. You can shop official Burak Yeter products here.\" \/>\n<meta name=\"robots\" content=\"index, follow, max-snippet:-1, max-image-preview:large, max-video-preview:-1\" \/>\n<link rel=\"canonical\" href=\"https:\/\/burakyeter.com\/shop\/contact\/\" \/>\n<meta property=\"og:locale\" content=\"en_US\" \/>\n<meta property=\"og:type\" content=\"article\" \/>\n<meta property=\"og:title\" content=\"Contact - Burak Yeter\" \/>\n<meta property=\"og:description\" content=\"Welcome to Burak Yeter Official Shop. You can shop official Burak Yeter products here.\" \/>\n<meta property=\"og:url\" content=\"https:\/\/burakyeter.com\/shop\/contact\/\" \/>\n<meta property=\"og:site_name\" content=\"Burak Yeter\" \/>\n<meta property=\"article:publisher\" content=\"https:\/\/www.facebook.com\/burakyeter\" \/>\n<meta property=\"article:modified_time\" content=\"2026-02-10T12:38:24+00:00\" \/>\n<meta name=\"twitter:card\" content=\"summary_large_image\" \/>\n<meta name=\"twitter:site\" content=\"@burakyeter\" \/>\n<script type=\"application\/ld+json\" class=\"yoast-schema-graph\">{\"@context\":\"https:\/\/schema.org\",\"@graph\":[{\"@type\":\"WebPage\",\"@id\":\"https:\/\/burakyeter.com\/shop\/contact\/\",\"url\":\"https:\/\/burakyeter.com\/shop\/contact\/\",\"name\":\"Contact - Burak Yeter\",\"isPartOf\":{\"@id\":\"https:\/\/burakyeter.com\/shop\/#website\"},\"datePublished\":\"2013-08-11T19:22:53+00:00\",\"dateModified\":\"2026-02-10T12:38:24+00:00\",\"description\":\"Welcome to Burak Yeter Official Shop. You can shop official Burak Yeter products here.\",\"breadcrumb\":{\"@id\":\"https:\/\/burakyeter.com\/shop\/contact\/#breadcrumb\"},\"inLanguage\":\"en-US\",\"potentialAction\":[{\"@type\":\"ReadAction\",\"target\":[\"https:\/\/burakyeter.com\/shop\/contact\/\"]}]},{\"@type\":\"BreadcrumbList\",\"@id\":\"https:\/\/burakyeter.com\/shop\/contact\/#breadcrumb\",\"itemListElement\":[{\"@type\":\"ListItem\",\"position\":1,\"name\":\"Home\",\"item\":\"https:\/\/burakyeter.com\/shop\/\"},{\"@type\":\"ListItem\",\"position\":2,\"name\":\"Contact\"}]},{\"@type\":\"WebSite\",\"@id\":\"https:\/\/burakyeter.com\/shop\/#website\",\"url\":\"https:\/\/burakyeter.com\/shop\/\",\"name\":\"Burak Yeter\",\"description\":\"Official Online Shop\",\"publisher\":{\"@id\":\"https:\/\/burakyeter.com\/shop\/#organization\"},\"potentialAction\":[{\"@type\":\"SearchAction\",\"target\":{\"@type\":\"EntryPoint\",\"urlTemplate\":\"https:\/\/burakyeter.com\/shop\/?s={search_term_string}\"},\"query-input\":{\"@type\":\"PropertyValueSpecification\",\"valueRequired\":true,\"valueName\":\"search_term_string\"}}],\"inLanguage\":\"en-US\"},{\"@type\":\"Organization\",\"@id\":\"https:\/\/burakyeter.com\/shop\/#organization\",\"name\":\"Burak Yeter Shop\",\"url\":\"https:\/\/burakyeter.com\/shop\/\",\"logo\":{\"@type\":\"ImageObject\",\"inLanguage\":\"en-US\",\"@id\":\"https:\/\/burakyeter.com\/shop\/#\/schema\/logo\/image\/\",\"url\":\"https:\/\/burakyeter.com\/shop\/wp-content\/uploads\/2019\/11\/website-logo.png\",\"contentUrl\":\"https:\/\/burakyeter.com\/shop\/wp-content\/uploads\/2019\/11\/website-logo.png\",\"width\":400,\"height\":159,\"caption\":\"Burak Yeter Shop\"},\"image\":{\"@id\":\"https:\/\/burakyeter.com\/shop\/#\/schema\/logo\/image\/\"},\"sameAs\":[\"https:\/\/www.facebook.com\/burakyeter\",\"https:\/\/x.com\/burakyeter\",\"https:\/\/www.instagram.com\/burakyeter\",\"https:\/\/www.youtube.com\/burakyeter\",\"https:\/\/tr.wikipedia.org\/wiki\/Burak_Yeter\"]}]}<\/script>\n<!-- \/ Yoast SEO plugin. -->","yoast_head_json":{"title":"Contact - Burak Yeter","description":"Welcome to Burak Yeter Official Shop. You can shop official Burak Yeter products here.","robots":{"index":"index","follow":"follow","max-snippet":"max-snippet:-1","max-image-preview":"max-image-preview:large","max-video-preview":"max-video-preview:-1"},"canonical":"https:\/\/burakyeter.com\/shop\/contact\/","og_locale":"en_US","og_type":"article","og_title":"Contact - Burak Yeter","og_description":"Welcome to Burak Yeter Official Shop. You can shop official Burak Yeter products here.","og_url":"https:\/\/burakyeter.com\/shop\/contact\/","og_site_name":"Burak Yeter","article_publisher":"https:\/\/www.facebook.com\/burakyeter","article_modified_time":"2026-02-10T12:38:24+00:00","twitter_card":"summary_large_image","twitter_site":"@burakyeter","schema":{"@context":"https:\/\/schema.org","@graph":[{"@type":"WebPage","@id":"https:\/\/burakyeter.com\/shop\/contact\/","url":"https:\/\/burakyeter.com\/shop\/contact\/","name":"Contact - Burak Yeter","isPartOf":{"@id":"https:\/\/burakyeter.com\/shop\/#website"},"datePublished":"2013-08-11T19:22:53+00:00","dateModified":"2026-02-10T12:38:24+00:00","description":"Welcome to Burak Yeter Official Shop. You can shop official Burak Yeter products here.","breadcrumb":{"@id":"https:\/\/burakyeter.com\/shop\/contact\/#breadcrumb"},"inLanguage":"en-US","potentialAction":[{"@type":"ReadAction","target":["https:\/\/burakyeter.com\/shop\/contact\/"]}]},{"@type":"BreadcrumbList","@id":"https:\/\/burakyeter.com\/shop\/contact\/#breadcrumb","itemListElement":[{"@type":"ListItem","position":1,"name":"Home","item":"https:\/\/burakyeter.com\/shop\/"},{"@type":"ListItem","position":2,"name":"Contact"}]},{"@type":"WebSite","@id":"https:\/\/burakyeter.com\/shop\/#website","url":"https:\/\/burakyeter.com\/shop\/","name":"Burak Yeter","description":"Official Online Shop","publisher":{"@id":"https:\/\/burakyeter.com\/shop\/#organization"},"potentialAction":[{"@type":"SearchAction","target":{"@type":"EntryPoint","urlTemplate":"https:\/\/burakyeter.com\/shop\/?s={search_term_string}"},"query-input":{"@type":"PropertyValueSpecification","valueRequired":true,"valueName":"search_term_string"}}],"inLanguage":"en-US"},{"@type":"Organization","@id":"https:\/\/burakyeter.com\/shop\/#organization","name":"Burak Yeter Shop","url":"https:\/\/burakyeter.com\/shop\/","logo":{"@type":"ImageObject","inLanguage":"en-US","@id":"https:\/\/burakyeter.com\/shop\/#\/schema\/logo\/image\/","url":"https:\/\/burakyeter.com\/shop\/wp-content\/uploads\/2019\/11\/website-logo.png","contentUrl":"https:\/\/burakyeter.com\/shop\/wp-content\/uploads\/2019\/11\/website-logo.png","width":400,"height":159,"caption":"Burak Yeter Shop"},"image":{"@id":"https:\/\/burakyeter.com\/shop\/#\/schema\/logo\/image\/"},"sameAs":["https:\/\/www.facebook.com\/burakyeter","https:\/\/x.com\/burakyeter","https:\/\/www.instagram.com\/burakyeter","https:\/\/www.youtube.com\/burakyeter","https:\/\/tr.wikipedia.org\/wiki\/Burak_Yeter"]}]}},"_links":{"self":[{"href":"https:\/\/burakyeter.com\/shop\/wp-json\/wp\/v2\/pages\/77","targetHints":{"allow":["GET"]}}],"collection":[{"href":"https:\/\/burakyeter.com\/shop\/wp-json\/wp\/v2\/pages"}],"about":[{"href":"https:\/\/burakyeter.com\/shop\/wp-json\/wp\/v2\/types\/page"}],"author":[{"embeddable":true,"href":"https:\/\/burakyeter.com\/shop\/wp-json\/wp\/v2\/users\/1"}],"replies":[{"embeddable":true,"href":"https:\/\/burakyeter.com\/shop\/wp-json\/wp\/v2\/comments?post=77"}],"version-history":[{"count":26,"href":"https:\/\/burakyeter.com\/shop\/wp-json\/wp\/v2\/pages\/77\/revisions"}],"predecessor-version":[{"id":2260,"href":"https:\/\/burakyeter.com\/shop\/wp-json\/wp\/v2\/pages\/77\/revisions\/2260"}],"wp:attachment":[{"href":"https:\/\/burakyeter.com\/shop\/wp-json\/wp\/v2\/media?parent=77"}],"curies":[{"name":"wp","href":"https:\/\/api.w.org\/{rel}","templated":true}]}}